{"id":15,"date":"2026-03-30T16:57:25","date_gmt":"2026-03-30T14:57:25","guid":{"rendered":"https:\/\/www.marcobortolami.it\/?page_id=15"},"modified":"2026-03-31T19:58:09","modified_gmt":"2026-03-31T17:58:09","slug":"chi-sono","status":"publish","type":"page","link":"https:\/\/www.marcobortolami.it\/","title":{"rendered":"Chi sono"},"content":{"rendered":"\t\t<div data-elementor-type=\"wp-page\" data-elementor-id=\"15\" class=\"elementor elementor-15\">\n\t\t\t\t<div class=\"elementor-element elementor-element-e9f13a5 e-flex e-con-boxed e-con e-parent\" data-id=\"e9f13a5\" data-element_type=\"container\" data-e-type=\"container\">\n\t\t\t\t\t<div class=\"e-con-inner\">\n\t\t<div class=\"elementor-element elementor-element-465b4a3 e-con-full e-flex e-con e-child\" data-id=\"465b4a3\" data-element_type=\"container\" data-e-type=\"container\">\n\t\t\t\t\t\t\t\n\t\t<img class=\"e-image-base e-6915ada-6ac47b3\" \n\t\t\t\t\tdata-interaction-id=\"6915ada\" \n\t\t \n\t\t \n\t\t\t\t\t\t\t\t\tid=\"26\"\n\t\t\t\t\t\t\t\t\t\t\t\tsrc=\"https:\/\/www.marcobortolami.it\/wp-content\/uploads\/2026\/03\/IMG_20220319_102119-scaled-e1774886005194.jpg\"\n\t\t\t\t\t\t\t\t\t\t\t\twidth=\"1920\"\n\t\t\t\t\t\t\t\t\t\t\t\theight=\"1750\"\n\t\t\t\t\t\t\t\t\t\t\t\tsrcset=\"https:\/\/www.marcobortolami.it\/wp-content\/uploads\/2026\/03\/IMG_20220319_102119-scaled-e1774886005194.jpg 1920w, https:\/\/www.marcobortolami.it\/wp-content\/uploads\/2026\/03\/IMG_20220319_102119-scaled-e1774886005194-300x273.jpg 300w, https:\/\/www.marcobortolami.it\/wp-content\/uploads\/2026\/03\/IMG_20220319_102119-scaled-e1774886005194-1024x933.jpg 1024w, https:\/\/www.marcobortolami.it\/wp-content\/uploads\/2026\/03\/IMG_20220319_102119-scaled-e1774886005194-768x700.jpg 768w, https:\/\/www.marcobortolami.it\/wp-content\/uploads\/2026\/03\/IMG_20220319_102119-scaled-e1774886005194-1536x1400.jpg 1536w\"\n\t\t\t\t\t\t\t\t\t\t\t\talt=\"\"\n\t\t\t\t\t\t\/>\n\t\t\t\t\t<\/div>\n\t\t\t\t\t\n<hr class=\"e-divider-base\" data-interaction-id=\"da2f41f\"   \/>\n\t\t<div class=\"elementor-element elementor-element-80e7fdc e-con-full e-flex e-con e-child\" data-id=\"80e7fdc\" data-element_type=\"container\" data-e-type=\"container\">\n\t\t\t\t\t\t\t<h2 \n\t\tdata-interaction-id=\"0924a72\" \n\t\tclass=\"e-0924a72-78b4424 e-heading-base\" \n\t\t \n\t\t\n\t>\n\t\n\t\t\tMarco Bortolami\n\t\t<\/h2>\n\t\t\t\t<div class=\"elementor-element elementor-element-81ea8a4 elementor-widget elementor-widget-text-editor\" data-id=\"81ea8a4\" data-element_type=\"widget\" data-e-type=\"widget\" data-widget_type=\"text-editor.default\">\n\t\t\t\t\t\t\t\t\t<p>IT Manager&nbsp; \u00b7&nbsp; Gen X&nbsp; \u00b7&nbsp; Esploratore digitale<\/p>\t\t\t\t\t\t\t\t<\/div>\n\t\t\t\t<div class=\"elementor-element elementor-element-2406f81 elementor-widget elementor-widget-html\" data-id=\"2406f81\" data-element_type=\"widget\" data-e-type=\"widget\" data-widget_type=\"html.default\">\n\t\t\t\t\t<div style=\"display:flex; flex-wrap:wrap; gap:6px; margin-top:10px;\">\n  <span style=\"font-size:11px; padding:3px 10px; border:1px solid #ccc; border-radius:20px; color:#888;\">Technology<\/span>\n  <span style=\"font-size:11px; padding:3px 10px; border:1px solid #ccc; border-radius:20px; color:#888;\">Leadership<\/span>\n  <span style=\"font-size:11px; padding:3px 10px; border:1px solid #ccc; border-radius:20px; color:#888;\">Lifelong learner<\/span>\n  <span style=\"font-size:11px; padding:3px 10px; border:1px solid #ccc; border-radius:20px; color:#888;\">Gen X<\/span>\n<\/div>\t\t\t\t<\/div>\n\t\t\t\t<\/div>\n\t\t\t\t\t<\/div>\n\t\t\t\t<\/div>\n\t\t\t\t<div class=\"elementor-element elementor-element-c8fbe03 e-con e-atomic-element e-flexbox-base e-c8fbe03-65e7f16\" data-id=\"c8fbe03\" data-element_type=\"e-flexbox\" data-e-type=\"e-flexbox\" data-interaction-id=\"c8fbe03\">\n\t\t\t\t\t\n<hr class=\"e-2dd0caf-27c0df8 e-divider-base\" data-interaction-id=\"2dd0caf\"   \/>\n\t\t\t\t<\/div>\n\t\t<div class=\"elementor-element elementor-element-3dcefe9 e-flex e-con-boxed e-con e-parent\" data-id=\"3dcefe9\" data-element_type=\"container\" data-e-type=\"container\">\n\t\t\t\t\t<div class=\"e-con-inner\">\n\t\t\t\t<div class=\"elementor-element elementor-element-e3e7caf elementor-widget elementor-widget-text-editor\" data-id=\"e3e7caf\" data-element_type=\"widget\" data-e-type=\"widget\" data-widget_type=\"text-editor.default\">\n\t\t\t\t\t\t\t\t\t<p>CHI SONO<\/p>\t\t\t\t\t\t\t\t<\/div>\n\t\t\t\t<div class=\"elementor-element elementor-element-386bb65 elementor-widget elementor-widget-text-editor\" data-id=\"386bb65\" data-element_type=\"widget\" data-e-type=\"widget\" data-widget_type=\"text-editor.default\">\n\t\t\t\t\t\t\t\t\t<p>Ho vissuto l&#8217;intera rivoluzione digitale \u2014 dall&#8217;interno.<br \/><span style=\"font-style: inherit; font-weight: inherit;\">Quando il mondo cambiava codice, io cambiavo con lui.<\/span><\/p>\t\t\t\t\t\t\t\t<\/div>\n\t\t\t\t<div class=\"elementor-element elementor-element-abe43c0 elementor-widget elementor-widget-text-editor\" data-id=\"abe43c0\" data-element_type=\"widget\" data-e-type=\"widget\" data-widget_type=\"text-editor.default\">\n\t\t\t\t\t\t\t\t\t<p>IT Manager con vent&#8217;anni di esperienza nella gestione di infrastrutture, e trasformazioni tecnologiche. Cresciuto in un&#8217;epoca in cui i computer erano una promessa, oggi aiuto l&#8217;azienda dove lavoro a tradurre quella promessa in valore concreto. La curiosit\u00e0 non \u00e8 una qualit\u00e0 \u2014 \u00e8 il mio sistema operativo di base.<\/p>\t\t\t\t\t\t\t\t<\/div>\n\t\t\t\t\t\n<hr class=\"e-divider-base\" data-interaction-id=\"fa3beaa\"   \/>\n\t\t\t\t\t<\/div>\n\t\t\t\t<\/div>\n\t\t<div class=\"elementor-element elementor-element-ee35908 e-flex e-con-boxed e-con e-parent\" data-id=\"ee35908\" data-element_type=\"container\" data-e-type=\"container\">\n\t\t\t\t\t<div class=\"e-con-inner\">\n\t\t\t\t<div class=\"elementor-element elementor-element-3301d9b elementor-widget elementor-widget-text-editor\" data-id=\"3301d9b\" data-element_type=\"widget\" data-e-type=\"widget\" data-widget_type=\"text-editor.default\">\n\t\t\t\t\t\t\t\t\t<p>COMPETENZE PRINCIPALI<\/p>\t\t\t\t\t\t\t\t<\/div>\n\t\t\t\t\t<\/div>\n\t\t\t\t<\/div>\n\t\t<div class=\"elementor-element elementor-element-d95450e e-flex e-con-boxed e-con e-parent\" data-id=\"d95450e\" data-element_type=\"container\" data-e-type=\"container\">\n\t\t\t\t\t<div class=\"e-con-inner\">\n\t\t<div class=\"elementor-element elementor-element-aac8a3d e-con-full e-flex e-con e-child\" data-id=\"aac8a3d\" data-element_type=\"container\" data-e-type=\"container\">\n\t\t\t\t<div class=\"elementor-element elementor-element-f5e38e7 elementor-widget elementor-widget-html\" data-id=\"f5e38e7\" data-element_type=\"widget\" data-e-type=\"widget\" data-widget_type=\"html.default\">\n\t\t\t\t\t<div style=\"padding:16px 20px; border:0.5px solid #e0e0e0; border-radius:12px;\">\n  <p style=\"font-family:'DM Sans',sans-serif; font-size:13px; font-weight:400; color:#333; margin:0 0 4px;\">IT Strategy<\/p>\n  <p style=\"font-family:'DM Sans',sans-serif; font-size:12px; color:#aaa; margin:0; line-height:1.5;\">Pianificazione tecnologica allineata agli obiettivi di business<\/p>\n<\/div>\t\t\t\t<\/div>\n\t\t\t\t<\/div>\n\t\t<div class=\"elementor-element elementor-element-55785b0 e-con-full e-flex e-con e-child\" data-id=\"55785b0\" data-element_type=\"container\" data-e-type=\"container\">\n\t\t\t\t<div class=\"elementor-element elementor-element-0a415a2 elementor-widget elementor-widget-html\" data-id=\"0a415a2\" data-element_type=\"widget\" data-e-type=\"widget\" data-widget_type=\"html.default\">\n\t\t\t\t\t<div style=\"padding:16px 20px; border:0.5px solid #e0e0e0; border-radius:12px;\">\n  <p style=\"font-family:'DM Sans',sans-serif; font-size:13px; font-weight:400; color:#333; margin:0 0 4px;\">Cross-domain Thinking<\/p>\n  <p style=\"font-family:'DM Sans',sans-serif; font-size:12px; color:#aaa; margin:0; line-height:1.5;\">Capacit\u00e0 di connettere mondi diversi \u2014 tecnologia, business, persone \u2014 trovando soluzioni dove altri vedono confini<\/p>\n<\/div>\t\t\t\t<\/div>\n\t\t\t\t<\/div>\n\t\t\t\t\t<\/div>\n\t\t\t\t<\/div>\n\t\t<div class=\"elementor-element elementor-element-3edc557 e-flex e-con-boxed e-con e-parent\" data-id=\"3edc557\" data-element_type=\"container\" data-e-type=\"container\">\n\t\t\t\t\t<div class=\"e-con-inner\">\n\t\t<div class=\"elementor-element elementor-element-f277e23 e-con-full e-flex e-con e-child\" data-id=\"f277e23\" data-element_type=\"container\" data-e-type=\"container\">\n\t\t\t\t<div class=\"elementor-element elementor-element-5388499 elementor-widget elementor-widget-html\" data-id=\"5388499\" data-element_type=\"widget\" data-e-type=\"widget\" data-widget_type=\"html.default\">\n\t\t\t\t\t<div style=\"padding:16px 20px; border:0.5px solid #e0e0e0; border-radius:12px;\">\n  <p style=\"font-family:'DM Sans',sans-serif; font-size:13px; font-weight:400; color:#333; margin:0 0 4px;\">Digital Transformation<\/p>\n  <p style=\"font-family:'DM Sans',sans-serif; font-size:12px; color:#aaa; margin:0; line-height:1.5;\">Accompagnamento delle organizzazioni nel cambiamento digitale<\/p>\n<\/div>\t\t\t\t<\/div>\n\t\t\t\t<\/div>\n\t\t<div class=\"elementor-element elementor-element-3f4bd31 e-con-full e-flex e-con e-child\" data-id=\"3f4bd31\" data-element_type=\"container\" data-e-type=\"container\">\n\t\t\t\t<div class=\"elementor-element elementor-element-38a8d5a elementor-widget elementor-widget-html\" data-id=\"38a8d5a\" data-element_type=\"widget\" data-e-type=\"widget\" data-widget_type=\"html.default\">\n\t\t\t\t\t<div style=\"padding:16px 20px; border:0.5px solid #e0e0e0; border-radius:12px;\">\n  <p style=\"font-family:'DM Sans',sans-serif; font-size:13px; font-weight:400; color:#333; margin:0 0 4px;\">Infrastructure & Security<\/p>\n  <p style=\"font-family:'DM Sans',sans-serif; font-size:12px; color:#aaa; margin:0; line-height:1.5;\">Gestione di sistemi complessi, reti e cybersecurity<\/p>\n<\/div>\t\t\t\t<\/div>\n\t\t\t\t<\/div>\n\t\t\t\t\t<\/div>\n\t\t\t\t<\/div>\n\t\t<div class=\"elementor-element elementor-element-2e3d839 e-flex e-con-boxed e-con e-parent\" data-id=\"2e3d839\" data-element_type=\"container\" data-e-type=\"container\">\n\t\t\t\t\t<div class=\"e-con-inner\">\n\t\t<div class=\"elementor-element elementor-element-adeb1cb e-con-full e-flex e-con e-child\" data-id=\"adeb1cb\" data-element_type=\"container\" data-e-type=\"container\">\n\t\t\t\t<div class=\"elementor-element elementor-element-7f873af elementor-widget elementor-widget-html\" data-id=\"7f873af\" data-element_type=\"widget\" data-e-type=\"widget\" data-widget_type=\"html.default\">\n\t\t\t\t\t<div style=\"padding:16px 20px; border:0.5px solid #e0e0e0; border-radius:12px;\">\n  <p style=\"font-family:'DM Sans',sans-serif; font-size:13px; font-weight:400; color:#333; margin:0 0 4px;\">Project Management<\/p>\n  <p style=\"font-family:'DM Sans',sans-serif; font-size:12px; color:#aaa; margin:0; line-height:1.5;\">Delivery di progetti tech in tempi e budget definiti<\/p>\n<\/div>\t\t\t\t<\/div>\n\t\t\t\t<\/div>\n\t\t<div class=\"elementor-element elementor-element-2bbb855 e-con-full e-flex e-con e-child\" data-id=\"2bbb855\" data-element_type=\"container\" data-e-type=\"container\">\n\t\t\t\t<div class=\"elementor-element elementor-element-61ef8ad elementor-widget elementor-widget-html\" data-id=\"61ef8ad\" data-element_type=\"widget\" data-e-type=\"widget\" data-widget_type=\"html.default\">\n\t\t\t\t\t<div style=\"padding:16px 20px; border:0.5px solid #e0e0e0; border-radius:12px;\">\n  <p style=\"font-family:'DM Sans',sans-serif; font-size:13px; font-weight:400; color:#333; margin:0 0 4px;\">Problem Solving<\/p>\n  <p style=\"font-family:'DM Sans',sans-serif; font-size:12px; color:#aaa; margin:0; line-height:1.5;\">Analisi critica e soluzioni creative a problemi complessi<\/p>\n<\/div>\t\t\t\t<\/div>\n\t\t\t\t<\/div>\n\t\t\t\t\t<\/div>\n\t\t\t\t<\/div>\n\t\t<div class=\"elementor-element elementor-element-2e874d3 e-flex e-con-boxed e-con e-parent\" data-id=\"2e874d3\" data-element_type=\"container\" data-e-type=\"container\">\n\t\t\t\t\t<div class=\"e-con-inner\">\n\t\t\t\t\t\n<hr class=\"e-divider-base\" data-interaction-id=\"c2caae4\"   \/>\n\t\t\t\t\t<\/div>\n\t\t\t\t<\/div>\n\t\t<div class=\"elementor-element elementor-element-83c2296 e-flex e-con-boxed e-con e-parent\" data-id=\"83c2296\" data-element_type=\"container\" data-e-type=\"container\">\n\t\t\t\t\t<div class=\"e-con-inner\">\n\t\t\t\t<div class=\"elementor-element elementor-element-f78578f elementor-widget elementor-widget-text-editor\" data-id=\"f78578f\" data-element_type=\"widget\" data-e-type=\"widget\" data-widget_type=\"text-editor.default\">\n\t\t\t\t\t\t\t\t\t<p>GENERAZIONE<\/p>\t\t\t\t\t\t\t\t<\/div>\n\t\t\t\t\t<\/div>\n\t\t\t\t<\/div>\n\t\t<div class=\"elementor-element elementor-element-ad4f3ac e-flex e-con-boxed e-con e-parent\" data-id=\"ad4f3ac\" data-element_type=\"container\" data-e-type=\"container\">\n\t\t\t\t\t<div class=\"e-con-inner\">\n\t\t<div class=\"elementor-element elementor-element-615ff6d e-con-full e-flex e-con e-child\" data-id=\"615ff6d\" data-element_type=\"container\" data-e-type=\"container\" data-settings=\"{&quot;background_background&quot;:&quot;classic&quot;}\">\n\t\t\t\t<div class=\"elementor-element elementor-element-441f1f7 elementor-widget elementor-widget-text-editor\" data-id=\"441f1f7\" data-element_type=\"widget\" data-e-type=\"widget\" data-widget_type=\"text-editor.default\">\n\t\t\t\t\t\t\t\t\t<p>X<\/p>\t\t\t\t\t\t\t\t<\/div>\n\t\t\t\t<\/div>\n\t\t<div class=\"elementor-element elementor-element-e2829e3 e-con-full e-flex e-con e-child\" data-id=\"e2829e3\" data-element_type=\"container\" data-e-type=\"container\" data-settings=\"{&quot;background_background&quot;:&quot;classic&quot;}\">\n\t\t\t\t<div class=\"elementor-element elementor-element-3e97a38 elementor-widget elementor-widget-text-editor\" data-id=\"3e97a38\" data-element_type=\"widget\" data-e-type=\"widget\" data-widget_type=\"text-editor.default\">\n\t\t\t\t\t\t\t\t\t<p>La generazione ponte<\/p>\t\t\t\t\t\t\t\t<\/div>\n\t\t\t\t<div class=\"elementor-element elementor-element-a1b4b03 elementor-widget elementor-widget-text-editor\" data-id=\"a1b4b03\" data-element_type=\"widget\" data-e-type=\"widget\" data-widget_type=\"text-editor.default\">\n\t\t\t\t\t\t\t\t\t<p>Abbastanza giovane da abbracciare il digitale fin dall&#8217;inizio, abbastanza maturo da capire il valore dell&#8217;analogico. Ho imparato a programmare quando internet non esisteva e oggi navigo l&#8217;AI con la stessa curiosit\u00e0 di allora.<\/p>\t\t\t\t\t\t\t\t<\/div>\n\t\t\t\t<\/div>\n\t\t\t\t\t<\/div>\n\t\t\t\t<\/div>\n\t\t<div class=\"elementor-element elementor-element-5989b5f e-flex e-con-boxed e-con e-parent\" data-id=\"5989b5f\" data-element_type=\"container\" data-e-type=\"container\">\n\t\t\t\t\t<div class=\"e-con-inner\">\n\t\t\t\t\t\n<hr class=\"e-divider-base\" data-interaction-id=\"f07be3a\"   \/>\n\t\t\t\t\t<\/div>\n\t\t\t\t<\/div>\n\t\t<div class=\"elementor-element elementor-element-8876fc9 e-flex e-con-boxed e-con e-parent\" data-id=\"8876fc9\" data-element_type=\"container\" data-e-type=\"container\">\n\t\t\t\t\t<div class=\"e-con-inner\">\n\t\t\t\t<div class=\"elementor-element elementor-element-46df22f elementor-widget elementor-widget-text-editor\" data-id=\"46df22f\" data-element_type=\"widget\" data-e-type=\"widget\" data-widget_type=\"text-editor.default\">\n\t\t\t\t\t\t\t\t\t<p>IL MIO MOTORE<\/p>\t\t\t\t\t\t\t\t<\/div>\n\t\t\t\t\t<\/div>\n\t\t\t\t<\/div>\n\t\t<div class=\"elementor-element elementor-element-b54f4a6 e-flex e-con-boxed e-con e-parent\" data-id=\"b54f4a6\" data-element_type=\"container\" data-e-type=\"container\">\n\t\t\t\t\t<div class=\"e-con-inner\">\n\t\t<div class=\"elementor-element elementor-element-b66ba9f e-con-full e-flex e-con e-child\" data-id=\"b66ba9f\" data-element_type=\"container\" data-e-type=\"container\" data-settings=\"{&quot;background_background&quot;:&quot;classic&quot;}\">\n\t\t\t\t<div class=\"elementor-element elementor-element-0524cff elementor-widget elementor-widget-text-editor\" data-id=\"0524cff\" data-element_type=\"widget\" data-e-type=\"widget\" data-widget_type=\"text-editor.default\">\n\t\t\t\t\t\t\t\t\t<p>\u221e<\/p>\t\t\t\t\t\t\t\t<\/div>\n\t\t\t\t<\/div>\n\t\t<div class=\"elementor-element elementor-element-71a59ba e-con-full e-flex e-con e-child\" data-id=\"71a59ba\" data-element_type=\"container\" data-e-type=\"container\" data-settings=\"{&quot;background_background&quot;:&quot;classic&quot;}\">\n\t\t\t\t<div class=\"elementor-element elementor-element-c4f8904 elementor-widget elementor-widget-text-editor\" data-id=\"c4f8904\" data-element_type=\"widget\" data-e-type=\"widget\" data-widget_type=\"text-editor.default\">\n\t\t\t\t\t\t\t\t\t<p>La curiosit\u00e0<\/p>\t\t\t\t\t\t\t\t<\/div>\n\t\t\t\t<div class=\"elementor-element elementor-element-0e3964c elementor-widget elementor-widget-text-editor\" data-id=\"0e3964c\" data-element_type=\"widget\" data-e-type=\"widget\" data-widget_type=\"text-editor.default\">\n\t\t\t\t\t\t\t\t\t<p>E&#8217; la mia costante. Quella che mi ha portato a esplorare tecnologie prima che diventassero mainstream, a cambiare prospettiva quando sembrava pi\u00f9 comodo restare fermi, a trovare connessioni tra mondi apparentemente distanti.<\/p>\t\t\t\t\t\t\t\t<\/div>\n\t\t\t\t<\/div>\n\t\t\t\t\t<\/div>\n\t\t\t\t<\/div>\n\t\t\t\t<\/div>\n\t\t","protected":false},"excerpt":{"rendered":"<p>Marco Bortolami IT Manager&nbsp; \u00b7&nbsp; Gen X&nbsp; \u00b7&nbsp; Esploratore digitale Technology Leadership Lifelong learner Gen X CHI SONO Ho vissuto [&hellip;]<\/p>\n","protected":false},"author":1,"featured_media":0,"parent":0,"menu_order":0,"comment_status":"closed","ping_status":"closed","template":"elementor_canvas","meta":{"site-sidebar-layout":"no-sidebar","site-content-layout":"","ast-site-content-layout":"full-width-container","site-content-style":"default","site-sidebar-style":"default","ast-global-header-display":"","ast-banner-title-visibility":"","ast-main-header-display":"","ast-hfb-above-header-display":"","ast-hfb-below-header-display":"","ast-hfb-mobile-header-display":"","site-post-title":"","ast-breadcrumbs-content":"","ast-featured-img":"disabled","footer-sml-layout":"","ast-disable-related-posts":"","theme-transparent-header-meta":"","adv-header-id-meta":"","stick-header-meta":"","header-above-stick-meta":"","header-main-stick-meta":"","header-below-stick-meta":"","astra-migrate-meta-layouts":"default","ast-page-background-enabled":"default","ast-page-background-meta":{"desktop":{"background-color":"var(--ast-global-color-5)","background-image":"","background-repeat":"repeat","background-position":"center center","background-size":"auto","background-attachment":"scroll","background-type":"","background-media":"","overlay-type":"","overlay-color":"","overlay-opacity":"","overlay-gradient":""},"tablet":{"background-color":"","background-image":"","background-repeat":"repeat","background-position":"center center","background-size":"auto","background-attachment":"scroll","background-type":"","background-media":"","overlay-type":"","overlay-color":"","overlay-opacity":"","overlay-gradient":""},"mobile":{"background-color":"","background-image":"","background-repeat":"repeat","background-position":"center center","background-size":"auto","background-attachment":"scroll","background-type":"","background-media":"","overlay-type":"","overlay-color":"","overlay-opacity":"","overlay-gradient":""}},"ast-content-background-meta":{"desktop":{"background-color":"var(--ast-global-color-4)","background-image":"","background-repeat":"repeat","background-position":"center center","background-size":"auto","background-attachment":"scroll","background-type":"","background-media":"","overlay-type":"","overlay-color":"","overlay-opacity":"","overlay-gradient":""},"tablet":{"background-color":"var(--ast-global-color-4)","background-image":"","background-repeat":"repeat","background-position":"center center","background-size":"auto","background-attachment":"scroll","background-type":"","background-media":"","overlay-type":"","overlay-color":"","overlay-opacity":"","overlay-gradient":""},"mobile":{"background-color":"var(--ast-global-color-4)","background-image":"","background-repeat":"repeat","background-position":"center center","background-size":"auto","background-attachment":"scroll","background-type":"","background-media":"","overlay-type":"","overlay-color":"","overlay-opacity":"","overlay-gradient":""}},"footnotes":""},"class_list":["post-15","page","type-page","status-publish","hentry"],"_links":{"self":[{"href":"https:\/\/www.marcobortolami.it\/index.php?rest_route=\/wp\/v2\/pages\/15","targetHints":{"allow":["GET"]}}],"collection":[{"href":"https:\/\/www.marcobortolami.it\/index.php?rest_route=\/wp\/v2\/pages"}],"about":[{"href":"https:\/\/www.marcobortolami.it\/index.php?rest_route=\/wp\/v2\/types\/page"}],"author":[{"embeddable":true,"href":"https:\/\/www.marcobortolami.it\/index.php?rest_route=\/wp\/v2\/users\/1"}],"replies":[{"embeddable":true,"href":"https:\/\/www.marcobortolami.it\/index.php?rest_route=%2Fwp%2Fv2%2Fcomments&post=15"}],"version-history":[{"count":5,"href":"https:\/\/www.marcobortolami.it\/index.php?rest_route=\/wp\/v2\/pages\/15\/revisions"}],"predecessor-version":[{"id":118,"href":"https:\/\/www.marcobortolami.it\/index.php?rest_route=\/wp\/v2\/pages\/15\/revisions\/118"}],"wp:attachment":[{"href":"https:\/\/www.marcobortolami.it\/index.php?rest_route=%2Fwp%2Fv2%2Fmedia&parent=15"}],"curies":[{"name":"wp","href":"https:\/\/api.w.org\/{rel}","templated":true}]}}